 19342011?
True
Is 314 a factor of 126174306?
True
Does 4603 divide 211182672?
False
Is 40574040 a multiple of 12?
True
Is 1442123017 a multiple of 2699?
False
Is 2251708045 a multiple of 1800?
False
Does 26 divide 311871040?
True
Is 295432882 a multiple of 67?
True
Does 14 divide 39952656?
False
Is 8 a factor of 1204874?
False
Is 3 a factor of 713529?
True
Is 53040144 a multiple of 48?
True
Does 2090 divide 639540?
True
Is 1321 a factor of 398297352?
True
Is 3199087645 a multiple of 6305?
True
Does 196 divide 26802020?
True
Is 30545765 a multiple of 64?
False
Does 5758 divide 777040?
False
Is 51 a factor of 790915064?
False
Does 56 divide 26437158?
False
Is 232 a factor of 927383808?
True
Is 63393993 a multiple of 18?
False
Does 6995 divide 2938053890?
True
Is 21 a factor of 13957272?
True
Does 993 divide 441304072?
False
Does 4109 divide 265351002?
True
Does 10 divide 11683270?
True
Is 1386983348 a multiple of 94?
True
Does 1690 divide 1806694500?
True
Is 725178119 a multiple of 210?
False
Is 24 a factor of 14764513?
False
Is 331 a factor of 383106351?
True
Does 31 divide 4684148?
False
Is 567303234 a multiple of 3?
True
Is 1871909450 a multiple of 148?
False
Does 18 divide 133056198?
True
Does 1294 divide 11050760?
True
Is 20 a factor of 162638500?
True
Is 298517986 a multiple of 11?
False
Does 16 divide 9751801991?
False
Is 2283 a factor of 9255282?
True
Is 12812696 a multiple of 26?
True
Is 35961952 a multiple of 548?
True
Is 50460232 a multiple of 665?
False
Is 246758395 a multiple of 365?
False
Does 8421 divide 897602474?
False
Is 1173624338 a multiple of 15?
False
Is 225 a factor of 52695293?
False
Is 110620753 a multiple of 24?
False
Is 143 a factor of 17054300?
False
Does 16 divide 66454336?
True
Does 89 divide 166668431?
True
Is 167892533 even?
False
Is 6 a factor of 57052?
False
Is 8656445 a multiple of 7?
True
Is 941 a factor of 42790553?
False
Is 134015148 a multiple of 918?
True
Does 9 divide 4144887?
True
Is 2 a factor of 179064860?
True
Is 414822176 a multiple of 16?
True
Is 2925 a factor of 155077922?
False
Is 1186084547 a multiple of 63?
False
Is 1265 a factor of 94857395?
False
Does 17 divide 2237149296?
False
Is 6182 a factor of 611560532?
True
Is 100734616 a multiple of 1435?
False
Is 78 a factor of 275335866?
True
Is 196119467 a multiple of 9?
False
Is 3578822005 a multiple of 24?
False
Is 4479874 even?
True
Does 24 divide 410304?
True
Is 51 a factor of 18038547?
True
Is 603171354 a multiple of 33?
False
Does 13 divide 81988388?
False
Does 590 divide 441421480?
True
Is 134081434 a multiple of 150?
False
Is 14 a factor of 433990113?
False
Does 1851 divide 23874198?
True
Is 45 a factor of 28645605?
True
Does 12892 divide 6999745142?
False
Does 4 divide 5609853?
False
Is 25 a factor of 25576925?
True
Is 346 a factor of 65323762?
True
Does 19 divide 23049907?
True
Is 27892480 a multiple of 280?
True
Is 105621635 a multiple of 1253?
True
Is 10 a factor of 165240?
True
Is 579 a factor of 429618?
True
Is 431 a factor of 39848967?
True
Does 2371 divide 1989598569?
True
Is 6137085 a multiple of 587?
True
Does 11 divide 606176399?
False
Does 242 divide 10133266?
True
Is 29 a factor of 2594523860?
True
Is 1086204051 a multiple of 4149?
True
Is 440 a factor of 95280680?
True
Is 61 a factor of 46522131?
False
Does 684 divide 2350181592?
True
Does 18 divide 506402414?
False
Does 138 divide 13929689?
False
Is 1063 a factor of 9741332?
True
Does 21 divide 3515858061?
False
Does 2433 divide 51921519?
False
Is 6032798 a multiple of 69?
False
Is 93373195 a multiple of 119?
False
Is 1028075664 a multiple of 948?
True
Is 119030750 a multiple of 391?
False
Is 2018932 a multiple of 26?
False
Is 69719806 a multiple of 403?
True
Is 367221296 a multiple of 13?
True
Is 20 a factor of 46912160?
True
Is 3794 a factor of 1775808258?
True
Does 23 divide 348626942?
False
Does 7 divide 1561427154?
True
Is 2747 a factor of 158830492?
False
Is 2945 a factor of 73872911?
False
Is 117490701 a multiple of 3918?
False
Does 51 divide 5641022?
False
Does 260 divide 42430180?
True
Is 18 a factor of 205072992?
True
Does 4 divide 5131429?
False
Is 554054976 a multiple of 82?
True
Is 32365756 a multiple of 70?
False
Is 1146 a factor of 67241550?
True
Does 694 divide 123408530?
False
Does 4831 divide 164360282?
True
Is 2515 a factor of 1064813275?
True
Does 63 divide 65846443?
False
Does 12 divide 1896102804?
True
Is 61 a factor of 220983020?
False
Is 36198784 a multiple of 1454?
True
Does 3307 divide 98911768?
False
Is 12672918 a multiple of 7?
False
Is 299 a factor of 155400932?
False
Is 364 a factor of 136087588?
True
Does 479 divide 29723866?
True
Is 9 a factor of 785970?
True
Is 4 a factor of 43595447?
False
Does 49 divide 1403692171?
True
Is 29970238 a multiple of 13?
False
Is 13 a factor of 45763965?
True
Does 818 divide 151841200?
False
Is 81197058 a multiple of 77?
False
Is 40 a factor of 2748303?
False
Does 418 divide 21416648?
True
Is 950855982 a multiple of 776?
False
Is 2 a factor of 13056627?
False
Is 101914017 a multiple of 9?
False
Does 19 divide 8716364?
True
Does 456 divide 77940221?
False
Is 63070940 a multiple of 148?
True
Is 15 a factor of 528253155?
True
Is 20 a factor of 515220300?
True
Is 166881869 a multiple of 1060?
False
Does 931 divide 9172240?
False
Is 3988575 a multiple of 475?
True
Does 77 divide 325491535?
False
Does 6 divide 2479986?
True
Does 72 divide 78309976?
False
Is 88 a factor of 1279524756?
False
Does 943 divide 115595769?
True
Is 24550700 a multiple of 12?
False
Is 8740579 a multiple of 120?
False
Is 1120 a factor of 600703613?
False
Is 1611 a factor of 301192560?
True
Is 4363402 a multiple of 101?
True
Is 10 a factor of 216867902?
False
Is 240 a factor of 15422880?
True
Is 16216853 a multiple of 665?
False
Is 29601126 a multiple of 455?
False
Is 242 a factor of 31121200?
True
Is 46050084 a multiple of 10?
False
Is 16 a factor of 20941776?
True
Is 7 a factor of 2555363?
False
Is 36 a factor of 31028832?
True
Does 9 divide 78518992?
False
Is 326000052 a multiple of 18?
True
Is 147 a factor of 189923001?
False
Is 5934 a factor of 1797177213?
False
Is 1615812975 a multiple of 1575?
True
Does 24 divide 418294405?
False
Does 27 divide 86734638?
True
Does 399 divide 12232565?
False
Does 17 divide 35584271?
False
Does 1281 divide 17672676?
True
Is 24 a factor of 500406?
False
Does 4 divide 206407244?
True
Is 453 a factor of 24180687?
True
Is 109768253 a multiple of 27?
False
Is 23 a factor of 296631382?
False
Is 20 a factor of 154512539?
False
Does 1839 divide 893091960?
True
Is 984197390 a multiple of 235?
True
Does 4080 divide 757092960?
True
Does 59 divide 29675421?
False
Does 76 divide 310491194?
False
Does 335 divide 1248383082?
False
Is 2957 a factor of 297891137?
True
Does 103 divide 36158047?
True
Does 795 divide 28592474?
False
Is 17 a factor of 15290337?
False
Is 2019208730 a multiple of 2659?
False
Is 212506675 a multiple of 8?
False
Is 952636905 a multiple of 9?
True
Is 26 a factor of 271693555?
False
Does 1630 divide 2427329170?
True
Is 140 a factor of 507887233?
False
Is 1352 a factor of 84048999?
False
Is 79 a factor of 13318814?
False
Is 136960750 a multiple of 4149?
False
Does 272 divide 88827091?
False
Is 3 a factor of 103129467?
True
Is 1037624 a multiple of 5?
False
Does 188 divide 35342308?
True
Does 1162 divide 75495367?
False
Does 60 divide 119852460?
True
Is 327714983 a multiple of 11144?
False
Is 69486770 a multiple of 16?
False
Is 170 a factor of 41460790?
True
Is 11646083 a multiple of 37?
True
Does 22 divide 717710774?
True
Is 164512135 a multiple of 67?
True
Does 36 divide 728444520?
True
Is 282968244 a multiple of 4?
True
Is 2191308900 a multiple of 1380?
True
Is 71056561 a multiple of 5?
False
Is 57876876 a multiple of 279?
True
Is 126 a factor of 86841846?
True
Does 176 divide 31224470?
False
Does 150 divide 791527200?
True
Does 211 divide 68268839?
True
Does 135 divide 9471055?
False
Is 131 a factor of 14968760?
False
Is 324647544 a multiple of 43?
False
Is 104029852 a multiple of 2161?
False
Does 326 divide 275413969?
False
Does 846 divide 3633210450?
True
Does 1142 divide 56647978?
False
Is 40774995 a multiple of 1245?
True
Is 832 a factor of 396180928?
True
Is 71 a factor of 294725518?
False